{"id":8443,"date":"2020-05-14T06:10:57","date_gmt":"2020-05-14T06:10:57","guid":{"rendered":"https:\/\/www.dr-lasso.net\/teleconsulta\/?page_id=8443"},"modified":"2020-05-14T06:40:24","modified_gmt":"2020-05-14T06:40:24","slug":"condiciones","status":"publish","type":"page","link":"https:\/\/www.dr-lasso.net\/teleconsulta\/condiciones\/","title":{"rendered":"T\u00e9rminos y condiciones"},"content":{"rendered":"<p style=\"text-align: center;\"><strong>T\u00c9RMINOS Y CONDICIONES DE TELECONSULTA DR. LASSO<\/strong><\/p>\n<p>Las condiciones aqu\u00ed descritas rigen para usuarios de la herramienta de telemedicina para www.dr-lasso. net \u201cTeleconsulta Dr. Lasso\u201d es un servicio de orientaci\u00f3n m\u00e9dica en las \u00e1reas de neurocirug\u00eda, neurolog\u00eda y neurodiagn\u00f3stico (que en lo sucesivo se referir\u00e1 como \u201cEL SERVICIO\u201d).<\/p>\n<p>El acceso al sitio web implica sin reservas la aceptaci\u00f3n de las presentes condiciones generales de uso que EL USUARIO afirma comprender a satisfacci\u00f3n en su totalidad. El USUARIO utilizar\u00e1 el sitio web exclusivamente para el objeto del mismo (EL SERVICIO) dentro del marco legal inhibiendo de usarlo en actividades contrarias a la ley.<\/p>\n<p>EL USUARIO debe leer a detalle \u00a0los presentes T\u00e9rminos, condiciones y observar\u00e1 las normas de Confidencialidad, en caso de no estar de acuerdo, podr\u00e1 optar por no acceder a la plataforma.<\/p>\n<ol>\n<li>Este Servicio est\u00e1 disponible exclusivamente para personas f\u00edsicas que hayan cumplido 18 a\u00f1os de edad. Teleconsulta Dr. Lasso no revela ni utiliza informaci\u00f3n personal de menores de 18 a\u00f1os sin el consentimiento verificable del padre, la madre o tutor.<\/li>\n<li>La informaci\u00f3n y contenidos usados en el sitio web proceden de fuentes internas y externas, Teleconsulta Dr. Lasso solo se responsabiliza de los contenidos elaborados internamente.<\/li>\n<li>Teleconsulta Dr. Lasso se reserva el derecho de modificar en cualquier momento los contenidos existentes en el sitio web y \u00a0futuras aplicaciones.<\/li>\n<li>Para hacer uso de EL SERVICIO se requiere de una computadora o de un dispositivo (con sistema operativo Android o IOS) con acceso a internet, Teleconsulta Dr. Lasso no se responsabiliza de los inconvenientes ocasionados por fallos t\u00e9cnicos de los equipos del usuario o de su conexi\u00f3n de internet.<\/li>\n<li>El Usuario afirma que toda la informaci\u00f3n escrita, de im\u00e1genes o multimedia son de su leg\u00edtima propiedad y\/o tiene autorizaci\u00f3n por el propietario para usarla.<\/li>\n<li>Teleconsulta Dr. Lasso permite al usuario mediante teleconferencias o correo electr\u00f3nico obtener atenci\u00f3n m\u00e9dica v\u00eda remota, habilitando conversar con el m\u00e9dico en tiempo real, obteniendo informaci\u00f3n y orientaci\u00f3n de su problema de salud, sin embargo, la respuesta que usted reciba est\u00e1 condicionada seg\u00fan el caso a la posibilidad de requerir un examen m\u00e9dico presencial y\/o de ex\u00e1menes complementarios y\/o consultas subsecuentes para concluir con el diagn\u00f3stico definitivo.<\/li>\n<li>En principio, la asistencia o atenci\u00f3n m\u00e9dica remota no tiene como objetivo realizar un diagn\u00f3stico definitivo; su objetivo es orientar sobre el problema de salud del paciente y realizar una aproximaci\u00f3n diagn\u00f3stica y terap\u00e9utica que en algunos casos puede requerir una consulta presencial.<\/li>\n<li>La consulta se programar\u00e1 seg\u00fan la disponibilidad de citas.<\/li>\n<\/ol>\n<p>&nbsp;<\/p>\n<span class=\"gdlr-core-space-shortcode\" style=\"margin-top: 30px ;\"  ><\/span>\n<p style=\"text-align: center;\"><a class=\"gdlr-core-button gdlr-core-button-shortcode  gdlr-core-button-gradient gdlr-core-button-no-border\" href=\"https:\/\/www.dr-lasso.net\/teleconsulta\/\" target=\"_blank\"  style=\"margin-right: 20px;\"  ><span class=\"gdlr-core-content\" >Inicio<\/span><\/a><\/p>\n","protected":false},"excerpt":{"rendered":"<p>T\u00c9RMINOS Y CONDICIONES DE TELECONSULTA DR. LASSO Las condiciones aqu\u00ed descritas rigen para usuarios de la herramienta de telemedicina para www.dr-lasso. net \u201cTeleconsulta Dr. Lasso\u201d es un servicio de orientaci\u00f3n m\u00e9dica en las \u00e1reas de neurocirug\u00eda, neurolog\u00eda y neurodiagn\u00f3stico (que en lo sucesivo se referir\u00e1 como \u201cEL SERVICIO\u201d). El acceso al sitio web implica sin [&hellip;]<\/p>\n","protected":false},"author":2,"featured_media":0,"parent":0,"menu_order":0,"comment_status":"closed","ping_status":"closed","template":"","meta":{"_joinchat":[],"footnotes":""},"class_list":["post-8443","page","type-page","status-publish","hentry"],"_links":{"self":[{"href":"https:\/\/www.dr-lasso.net\/teleconsulta\/wp-json\/wp\/v2\/pages\/8443","targetHints":{"allow":["GET"]}}],"collection":[{"href":"https:\/\/www.dr-lasso.net\/teleconsulta\/wp-json\/wp\/v2\/pages"}],"about":[{"href":"https:\/\/www.dr-lasso.net\/teleconsulta\/wp-json\/wp\/v2\/types\/page"}],"author":[{"embeddable":true,"href":"https:\/\/www.dr-lasso.net\/teleconsulta\/wp-json\/wp\/v2\/users\/2"}],"replies":[{"embeddable":true,"href":"https:\/\/www.dr-lasso.net\/teleconsulta\/wp-json\/wp\/v2\/comments?post=8443"}],"version-history":[{"count":5,"href":"https:\/\/www.dr-lasso.net\/teleconsulta\/wp-json\/wp\/v2\/pages\/8443\/revisions"}],"predecessor-version":[{"id":8457,"href":"https:\/\/www.dr-lasso.net\/teleconsulta\/wp-json\/wp\/v2\/pages\/8443\/revisions\/8457"}],"wp:attachment":[{"href":"https:\/\/www.dr-lasso.net\/teleconsulta\/wp-json\/wp\/v2\/media?parent=8443"}],"curies":[{"name":"wp","href":"https:\/\/api.w.org\/{rel}","templated":true}]}}